p(g) = 5*g**2 + 11*g + 2. Let m be p(-6). What is the tens digit of 2 - (m/(-6))/(14/21)?
3
Suppose -4853 - 5955 = -2*p. What is the hundreds digit of p?
4
Let g = 3906 - 1370. What is the thousands digit of g?
2
Suppose 5*z - 27*c = -28*c + 12167, 0 = 4*z - 5*c - 9722. What is the tens digit of z?
3
Suppose 3*v - 4*a = -2*v + 51, 3*v + 2*a - 13 = 0. Suppose -2*f - 76 = -v*f - r, 0 = -5*r + 5. What is the tens digit of f?
1
Let k(j) = j**3 + j**2 - 17*j + 38. What is the tens digit of k(7)?
1
Suppose -5*g = 4*o - 52, 2*o - 5*g - 2 = -6. What is the units digit of o?
8
Let a(d) = -19*d**2 - d. Let s be a(-1). Suppose m + 3*g = -2*g + 33, -121 = -3*m - 4*g. Let z = s + m. What is the tens digit of z?
2
Suppose 0 = 4*d + 4*y - 5080, -5*y + 2285 = -4*d + 7365. What is the thousands digit of d?
1
Suppose -r = 3*y - 5168, -5138 = -r + y + 2*y. What is the hundreds digit of r?
1
Suppose 2*y + 1070 = v, 0 = 3*y - 0 + 6. What is the hundreds digit of v?
0
Suppose 107*w = 100*w + 6755. What is the tens digit of w?
6
Let t(a) = -a**3 + 14*a**2 + 12*a - 33. What is the hundreds digit of t(8)?
4
Let o(g) = -5*g + 3. Let b(h) = h**3 - h**2 + 3. Let k be b(0). Let l be o(k). Let z = l + 14. What is the units digit of z?
2
Let o(l) = l**3 + 6*l**2 - 6. Suppose 4*w - 5 = -29. Let p be o(w). What is the units digit of 2/p*(4 + -82)?
6
Let g = 14 + -14. Suppose -o = 3*w - 54, g*o - w = -5*o + 286. What is the units digit of o?
7
Suppose -x - 2*s - 18 = -5*x, 0 = 4*x - 4*s - 16. Suppose -2*k + 427 - 15 = 5*h, 5*k - 1060 = -x*h. What is the tens digit of k?
1
What is the units digit of ((-225)/60)/(-3)*(-8)/(-2)?
5
Let y = -35 + 59. Let m(j) = 5*j + 1. Let k be m(3). Let z = y - k. What is the units digit of z?
8
Let v be 14 + -1*(0 + 4). Let d(m) = 6*m**2 - 4*m - 5. Let a be d(4). Suppose -5*n = -v*n + a. What is the units digit of n?
5
Let x(t) = t**3 - 8*t**2 + t - 3. Let q be x(8). Suppose -q*b = -5*g - 235, -6*g + g - 186 = -4*b. What is the units digit of b?
9
Suppose -3*a + 2*a + 7 = 2*u, -4*a + u + 10 = 0. Suppose -a*o - 38 = -2*z, -14 = -z - 0*o - o. Suppose -z*v = -19*v + 195. What is the units digit of v?
5
Let z(l) = -3*l - 15. Let w be z(-12). Let u(h) = w*h - 45*h + 23*h + 2*h**2 - 2. What is the units digit of u(-1)?
1
Suppose 0*y = -7*y + 406. What is the units digit of 20*((-3)/9 - y/(-12))?
0
Let o(l) = 3*l**2 + 9*l + 44. Let m be o(-10). Suppose 2*k - 167 = 5*i, m = 3*k - 4*i - 0*i. What is the tens digit of k?
8
Suppose -2*a + 691 = -f, -4*f + 706 = -2*a + 4*a. Let u = a + -218. What is the hundreds digit of u?
1
Suppose 3*i + 0*i = 2*d - 4815, -5*d = -i - 12044. What is the tens digit of d?
0
Let y(j) = j**3 + 14*j**2 + 4*j + 2. What is the tens digit of y(-8)?
5
Let x(i) = i - 9. Let y = 11 - 3. Let t be x(y). What is the units digit of t/(1 + -2)*29?
9
Let n(t) = 4*t**3 - 2*t + 1. Suppose r - f - 4*f = 26, 4*f + 21 = r. Let q be n(r). Suppose -q*j = -2*j - 7. What is the units digit of j?
7
Suppose -2*y + 3*k = 169 - 2319, -3*k - 4306 = -4*y. What is the units digit of y?
8
Let v = 261 + -80. What is the tens digit of v?
8
Let h = 203 - 142. Let y = 124 - h. What is the units digit of y?
3
Suppose 0 = 5*i - 2*r - 740, -5*i - 720 = -10*i - 2*r. What is the tens digit of i?
4
Let c = -16 + 21. Suppose 0 = -6*p + 7*p - 79. Suppose d - 2 = -d, -c*a + p = 4*d. What is the units digit of a?
5
Let c(b) = b**3 + 5*b**2 - 7*b - 1. Let t(d) be the first derivative of -d**2/2 - d - 3. Let h be t(5). What is the units digit of c(h)?
5
Suppose -4*v = -v + n - 217, 4*n = -4*v + 276. Suppose -v = -4*q + 154. What is the tens digit of q?
5
Suppose v - 4*q - 50 = q, 0 = -5*v + 2*q + 181. What is the tens digit of v - (1 + -3 + 4)?
3
Suppose 50 = -y + 6*y. Suppose w - 15 = y. Suppose 2*i - w - 31 = 0. What is the tens digit of i?
2
Suppose 0 = 5*m + 92 - 407. Let a = m + -41. Let c = a + -4. What is the tens digit of c?
1
Let u be ((-8)/(-10))/(1/30). Suppose -2*r - 4*o = -u, -4*r = r + 5*o - 40. Suppose -r = -5*p + 141. What is the tens digit of p?
2
Suppose -14*s + 20*s = 4788. What is the hundreds digit of s?
7
Let d(b) = 9*b**2 - 6*b - 5. Let k be 4 - 7 - (2 + -1 + -1). What is the tens digit of d(k)?
9
Suppose -3*k = 4*o + 103, -2*k - 3*k - 135 = 5*o. Suppose -4*x + 5*b + 125 = -0*x, 2*x - 4*b = 64. Let v = x + o. What is the units digit of v?
8
Let r(i) = -i**2 - 5*i - 7. Let s be r(-5). Let k(a) be the first derivative of a**4/4 + 8*a**3/3 + 4*a**2 + 10*a + 105. What is the units digit of k(s)?
3
Suppose -2*j = 4*z - 2160, -9*j + 6*j - 6 = 0. What is the tens digit of z?
4
Let v(c) = c**2 + 6*c + 3. Let w be v(-6). Suppose 0 = m + 3*h - 33, 0 = w*m - 0*m + h - 59. Let f = 1 + m. What is the units digit of f?
9
Let t = -3816 + 6653. What is the hundreds digit of t?
8
Suppose -3*p + 1364 = 5*b - 7*b, -p + 5*b + 459 = 0. What is the tens digit of p?
5
Suppose -6 = 3*z, -r + 2*r - 3*z = 11. Suppose -r*k = 4*t - 50, -3*t - 2 = -4*k + 7. What is the units digit of ((-10)/4)/((-3)/k)?
5
Let h = -5125 + 8942. What is the thousands digit of h?
3
Let g = -31 + 35. What is the tens digit of -7 + 1351/14 + 6/g?
9
Let y(w) = -2*w**3 + 7*w**2 + 10*w + 1. Let c(n) = -n**3 + 4*n**2 + 5*n + 1. Let b(t) = -5*c(t) + 2*y(t). What is the tens digit of b(7)?
1
Let b(y) = y**3 - 5*y**2 - 6*y + 2. Let t be b(6). Suppose t*v = 2*r + 284, -v - 4*r = v - 284. What is the tens digit of v?
4
Suppose -5*c + 6 = -3*c. What is the tens digit of 1020/18 - (c + -1)/(-6)?
5
Suppose -16*z + 23*z = 1932. What is the tens digit of z?
7
Let x(s) = -s**3 - 13*s**2 + 11*s - 21. What is the units digit of x(-14)?
1
Let f(m) = 2*m**2 + 42*m + 111. What is the tens digit of f(-41)?
5
Let z be (-2)/6 + (-112)/6. Let o = z + -11. Let m = 70 + o. What is the units digit of m?
0
Let m(l) = l**2 - 22*l - 16. What is the tens digit of m(-14)?
8
Suppose -v + 47 = k, -2*v = -4*k - 32 - 68. Suppose -2*d + v = n, -d + 5*d + 228 = 4*n. What is the tens digit of n?
5
What is the tens digit of -15 + 34875/30 + 6/4?
4
Let y = 250 - -1426. What is the tens digit of y?
7
Let q be 116/(-14) + (-4)/(-14). What is the tens digit of (-412)/q - 4/8?
5
Let x be 11/(33/(-600)) - 3. Let j = x - -297. What is the units digit of j?
4
Suppose -4*x + 6 + 190 = 0. Let w = 1 + x. Suppose w = 5*l - 40. What is the tens digit of l?
1
Let a be (-24)/(-13) + (-14)/(-91). Suppose 2 + 10 = a*f. What is the units digit of f?
6
Let q = -527 + 899. Suppose q = 5*v - x - x, -2*x - 68 = -v. Let n = v + -40. What is the tens digit of n?
3
Suppose 3567 = z + 12*d - 15*d, 17803 = 5*z + d. What is the tens digit of z?
6
Suppose -132 = 2*p + p + 2*z, -z = -p - 39. Suppose -3*s - 213 = -6*s. Let i = p + s. What is the tens digit of i?
2
Let o(y) = -2*y + 12. Let u be o(7). Let r(q) = q**2 - 12*q + 9. Let f be r(11). What is the units digit of f/((-9)/((-81)/u))?
9
Suppose -3395 = -2*j + 5*t, 0 = -37*j + 39*j + 3*t - 3371. What is the thousands digit of j?
1
Let r be -8 - -6 - -1 - 10/(-1). Let x(b) = -b**3 + 13*b**2 - 12*b + 29. What is the tens digit of x(r)?
4
Let l = 80 + -103. Let i = l + 81. What is the tens digit of i?
5
Suppose 0*k = -2*k + 5*u + 6932, 2*k - 2*u - 6920 = 0. Suppose 6*j - 18*j = -k. What is the units digit of j?
8
Let g = 8646 + -5736. What is the units digit of g?
0
Suppose -490 = -5*d + 2*i, 2*d - 237 = 5*i - 62. What is the units digit of 0 + (-8)/4 + d?
8
Let x(l) = l**3 + 10*l**2 - l - 3. Let t be x(-10). Let o(h) = 2*h**3 - 14*h**2 + 5*h. What is the units digit of o(t)?
5
Let k = 765 + -327. What is the hundreds digit of k?
4
Suppose 0*m = 3*o - 5*m - 15, -3*m - 9 = -5*o. Suppose x + 6*x - 154 = o. What is the units digit of x?
2
Suppose 514 = 2*z + 4*m - 6*m, 0 = -z + 4*m + 269. Let c = -168 + z. What is the units digit of c?
5
Let i(d) = -d**2 - 7*d + 8. Suppose 5*s = -5*u - 10, -5*s + 0*s = 2*u + 16. What is the units digit of i(s)?
0
Suppose 2*k - 1579 = -2*b - 455, -b = -2*k - 577. What is the hundreds digit of b?
5
What is the tens digit of (-21 - -15)*(2 + (-1084)/6)?
7
Suppose 6*r = 3*r + 5*c - 34, 4*r - c + 17 = 0. What is the units digit of (-10)/r*120/16?
5
Let a(i) = -6*i + 227. What is the units digit of a(-14)?
1
What is the tens digit of (23/((-759)/(-12694)))/((-2)/(-3))?
7
Suppose -3*b = 5 